/g - 4/22?
7
What is the tens digit of 1/(-2)*(-14336)/28?
5
Let g = 91 + -83. Let o(f) = 17*f + 28. What is the tens digit of o(g)?
6
Let x be ((-2)/1)/(9/(-18)). Let u(r) = -2*r**3 + 1. Let d be u(-1). Suppose d*s + 3*a - x*a = 1, 2*s - 14 = -2*a. What is the units digit of s?
2
What is the tens digit of 1193/(-4 - (-52)/12)?
7
Let b = 7 - 3. Suppose 0*u = b*u - 252. What is the units digit of u?
3
Let s = 3667 + -1988. What is the hundreds digit of s?
6
Suppose i - 1 + 0 = 0, -3*i + 3 = -5*z. What is the tens digit of 3/9*z + 23?
2
Let a(r) = -r**3 + 4*r**2 - r - 1. Let f be a(3). Suppose -f*x = -7*x. Suppose x = 5*o, -2*o + 58 = -2*u + 4*u. What is the tens digit of u?
2
Let o be 38*4/(24/69). Suppose 3*b + o = 101. What is the tens digit of b/(-12) + 4/6?
1
Let b(m) = 3*m + 10. Let d be b(7). Suppose -3*i = -5*p + 49, 2*i + 0*p = 3*p - d. What is the units digit of (-2)/2 + (-1 - i)?
6
Suppose x + 2*b + 2 = 6, 4*x + 4*b - 8 = 0. Suppose -3*c - 2 - 1 = x. Let n = 40 - c. What is the tens digit of n?
4
Let i = 68 + -11. Suppose 4*m + 3*h - 432 = i, 4*m - 487 = -5*h. What is the hundreds digit of m?
1
Let t(h) be the second derivative of -h**4/12 + 5*h**3/3 - 4*h**2 - h. Let c = 138 + -131. What is the units digit of t(c)?
3
Suppose 0 = g + f - 955, f + 1341 + 2454 = 4*g. What is the tens digit of g?
5
Suppose 0 = -4*p + 3*m - 7*m + 2420, 0 = 4*p - 5*m - 2456. What is the hundreds digit of p?
6
Suppose -5*v = -440 - 40. Let z = v - 38. What is the units digit of z?
8
Suppose -88*p + 93*p = -2*h + 6148, 3*h - p = 9188. What is the thousands digit of h?
3
Suppose 9*k - 110 + 2018 = 0. Let f = k + 309. What is the tens digit of f?
9
Suppose 3*j = 17*j - 12278. Suppose 4*m - 16 = 0, m - j = -3*q - 3. What is the units digit of q?
0
Suppose 4*i + 1 = 2*y - 1, 0 = -5*y - 3*i + 5. Let m = -2 - y. Let u = 10 - m. What is the units digit of u?
3
Suppose -2*a + 650 = 3*a. Suppose 0 = -5*v + 5*k + a, -65 = -5*v - 5*k + 25. What is the units digit of v?
2
Suppose 0 = 2*c + 3*d - 1778, -2*c + 55*d + 1770 = 54*d. What is the hundreds digit of c?
8
Suppose 8*b + 4579 = 25723. What is the units digit of b?
3
Suppose -2*a + 95 = -595. What is the tens digit of a?
4
Suppose 2152 = 6*f + 568. What is the hundreds digit of f?
2
Let r = -334 - -506. Let k = 242 - r. What is the units digit of k?
0
Let d(a) = 5*a**2 - 4*a - 3. Let n be d(-2). Suppose -y + 28 = 8*i - 4*i, 0 = 4*i - 20. Let g = n - y. What is the units digit of g?
7
Let n(j) = 10*j + 728. What is the units digit of n(0)?
8
Let r = -20 - -23. Let k(d) = -4*d + 3*d - d**r + 4*d + 7*d**2. What is the tens digit of k(7)?
2
What is the hundreds digit of 3264/10 - (11 - (-522)/(-45))?
3
Suppose 0 = 12*s - 10*s - 602. What is the tens digit of s?
0
What is the thousands digit of ((-27)/6)/((-10)/3240)?
1
Let h(x) = -13*x + 6. Let r(k) = k**2 - 9*k - 14. Let y be r(10). What is the units digit of h(y)?
8
Suppose 0 = 48*y - 99543 - 122793. What is the units digit of y?
2
Suppose 5*u - k - 37 = 350, -5*k + 249 = 3*u. Let a = -26 + u. What is the tens digit of a?
5
Let d(x) = -3*x + 12. Let h be d(-6). Let t be (-2)/7 - h/(-7). Suppose 4 = 2*k - t. What is the units digit of k?
4
Suppose -35*r + 38*r - 6795 = 0. What is the units digit of r?
5
Suppose -4*m = 7*m - 2442. Suppose -5*b + 219 + m = l, 2*b - l - 175 = 0. What is the tens digit of b?
8
Let k(f) = f**3 + 9*f**2 + f - 1. Let i be k(-8). Suppose g - q = -13 + i, -50 = -g - q. What is the tens digit of g?
4
Suppose -3*m = -2*t + 1166 - 81, -1629 = -3*t + 5*m. What is the hundreds digit of t?
5
Let s(z) = -26*z + 525. What is the units digit of s(-17)?
7
Let p(i) = 8*i**3 - 3 + 13*i**3 - 2*i**2 + 1 + 3. Suppose 4*l - 1 = 3. What is the tens digit of p(l)?
2
Let w(x) = 28*x**3 - x**2 + x. Let s be w(1). Suppose -10 = -v + 2*l, 18 = -v - 0*l - 5*l. Let z = s - v. What is the tens digit of z?
2
Suppose -8*n + 1262 = -1274. What is the units digit of n?
7
Let r(o) = 27*o**2 + o. Let d = -10 - -11. Suppose 0 = -3*z - d + 4. What is the tens digit of r(z)?
2
Let f = 1 - -3. Let g(l) = -l + 1. Let b(q) = -2*q + 1. Let o(v) = -5*b(v) + 4*g(v). What is the units digit of o(f)?
3
Let q(a) be the second derivative of a**4/12 + a**3/6 + 38*a**2 + 15*a. What is the units digit of q(0)?
6
Suppose 4*l = 4*h - 704, 4*h = -h + 2*l + 865. Let u = h - 94. What is the tens digit of u?
7
Let l(y) = -9*y - 12. Let b be l(0). Suppose 2*p + 2*i + 3*i - 77 = 0, 92 = 2*p + 2*i. What is the tens digit of (-3 + (-40)/b)*p?
1
Suppose 3*o - 1668 = 231. What is the units digit of o?
3
Let a be 0/((-2)/1) - -53. Suppose 5*m - 175 = 5*y, -156 = 3*y + m - 51. Let n = y + a. What is the tens digit of n?
1
Suppose 5*n - 3*o - 773 = 0, 10*n - 5*n = -5*o + 765. Let m = n - 87. What is the units digit of m?
7
Let j(v) = 23*v + 5. Let x(h) = -11*h - 3. Let l(z) = 6*j(z) + 14*x(z). What is the tens digit of l(-7)?
0
Let w(p) = -74*p - 7. Let j(d) = -74*d - 8. Let l(r) = -3*j(r) + 4*w(r). What is the units digit of l(-1)?
0
Let r(t) = -t**3 + 5*t**2 + 21*t - 29. What is the units digit of r(6)?
1
Let h(z) = 33*z - 21. Let q(s) = 11*s - 7. Let u(v) = -2*h(v) + 7*q(v). Let w be u(4). Suppose 3*d + o = 25, 5*d + 4*o - w = -0*o. What is the units digit of d?
9
What is the tens digit of (6 + 71)/(2/4*1)?
5
Let y = 18 + -13. Suppose 10*a = -y*a + 2580. What is the tens digit of a?
7
Let t = 23 - 5. What is the tens digit of t*3/(-18)*-10?
3
Suppose -3*j = b - 4045, 2*j = 2*b - 6*b + 2680. Suppose j = 8*r - 3*r. What is the tens digit of r?
7
Suppose 0 = 5*u - 582 - 228. Let g = u - 86. What is the units digit of g?
6
Let m be 17/4 - (-4)/(-16). Suppose -3*h + 825 = 2*h + 4*v, 5*v - 669 = -m*h. Suppose u - 57 = -d + 3*d, -3*u = -4*d - h. What is the tens digit of u?
4
What is the thousands digit of (-24411)/(-18)*1 - 10/(-12)?
1
Suppose -9 = p - 4*k, -4*p + 3 = p - 4*k. Suppose -135 = -25*v + 22*v. What is the tens digit of (-15)/(-25)*v*p?
8
Suppose -4*y = -12, -2*l = -0*l - 4*y + 4. Suppose -30 = -6*u + l*u. What is the tens digit of u?
1
Let r be -9 + 16 - (5 + -1). Suppose 9 = -r*q - 3. What is the units digit of (-19 - (q - 0))*-1?
5
Let d(u) = -3*u - 4. Let b be (-1)/(1*(-2)/8). Let i be (6/b)/(14/(-56)). What is the units digit of d(i)?
4
Let d(l) = 0 + 3*l + 5*l + 2*l + 1. Let b be d(4). Suppose -2*i + b = -i. What is the units digit of i?
1
Suppose 4*u + 59 = 5*u. Let x = u + -27. What is the units digit of x?
2
Suppose 5*v - 9674 = -4*i, -7*v - i + 1934 = -6*v. What is the units digit of v?
8
Let q be ((-4)/(-10))/(3/(-90)). Let d = 30 - q. What is the units digit of d?
2
Let w be (48/10)/(12/320). Let b be 2 - (-2 - -3) - 89. Let q = w + b. What is the tens digit of q?
4
Suppose -4*s = 2*k - 5586, k - 4*k - 5*s = -8384. What is the tens digit of k?
0
Let v(u) = 44*u + 41. Let s be v(13). What is the units digit of s/6 + (-42)/36 + 1?
2
Let u(v) = -v**2 + 104*v + 212. What is the hundreds digit of u(85)?
8
Let s be (1 - 3)/((-3)/9). Suppose -4*q - s = -2*q. What is the tens digit of (-1 - q - 26)/(-1)?
2
Suppose -3*o + 1676 = -376. What is the tens digit of o?
8
Suppose -14*s = -13*s - 20. Let f = s - -44. What is the tens digit of f?
6
Suppose 0 = 2*b - 0*w - w - 7, -2*b + 2*w = -6. Suppose 20 = 5*p, 0 = -3*i + b*i - 4*p - 94. What is the tens digit of i?
1
Suppose 0 = 5*b - 1176 - 2789. Suppose 0 = -7*d + b - 114. What is the units digit of d?
7
Suppose 5*x - 220 = -3*q + 7*q, 5*x - 5*q - 215 = 0. Suppose 2 = -t + x. What is the units digit of t?
6
Let n(v) = 162*v - 9. Suppose -2*p = -d - 6, -p + 6 + 4 = 3*d. Let l be n(d). Suppose -20*b + l = -15*b. What is the tens digit of b?
6
Suppose -4*c + 2*c = -62. Let n be 32 - ((-36)/(-4) + -1). Let m = c - n. What is the units digit of m?
7
Let h = 101 - -342. What is the tens digit of h?
4
Let q(k) = 49*k**2 - 13*k + 29. What is the units digit of q(6)?
5
Suppose 4*x + 53 = -3*f, x + 3 - 1 = -3*f. Let j = -117 - -185. Let q = j + x. What is the tens digit of q?
5
Let d be 0/((-5)/((-15)/6)). Suppose 2*g = -d*g + 118. What is the tens digit of g?
5
Let z(l) = -l**3 + 5*l**2 - 2*l + 6. Let d be z(3). Suppose -3*f - 446 = -4*f. What is the tens digit of f/d + 46/207?
2
Let c be 3*(-14)/12*(-42)/3. Suppose 3*x - 388 = -c. What is the hundreds